e the third derivative of -2*l**5/15 + l**4/8 + l**3/6 + 6*l**2. Let q be r(6). Is (-1 - -2 - 2)*q a prime number?
True
Suppose -92*x = -84*x - 655192. Is x composite?
False
Suppose j = -3*w + 8*w - 64, 4*j + w + 361 = 0. Let t = 8 - j. Is t composite?
False
Suppose 38330 = 4*g + 6*g. Is g composite?
False
Let y = 7106 - 3788. Let w = 8397 - y. Is w a prime number?
False
Suppose 78*i + 39335 = 83*i. Is i composite?
False
Let t(n) = 6*n + 21541. Is t(0) a prime number?
False
Let n(r) = -r**2 + 4*r + 8. Let a be n(6). Let m = -139 + 129. Is ((-62)/a)/((-5)/m) composite?
False
Suppose -5*s - 8823 + 1243 = 0. Is (-12)/8*s/6 prime?
True
Let m(k) = 2*k - 12. Let x be (-2)/4*32/(-2). Let y be m(x). Suppose -5*q = -2*w + 109, -y*w + q = 2*q - 273. Is w a composite number?
False
Let v(q) = 2 - 80*q + 145*q - 4*q. Is v(9) composite?
True
Let p(d) = -64*d + 46. Let f be p(2). Suppose -3*o = 2*o + 225. Let q = o - f. Is q composite?
False
Is 2/12 + (-328727)/(-168)*4 prime?
False
Suppose 0 = 6*s - 2*s. Suppose -5*z = 4*u - 457, s*u = z - 4*u - 101. Is z a prime number?
False
Suppose 0 = -10*q - 4654 + 24344. Is q prime?
False
Let y = -436 - -1083. Is y a prime number?
True
Suppose 4*v = -v + 140. Suppose -5*o = -2*a - 2, 4*o + 2*a - v = -3*a. Suppose o*x = 3*x - 214. Is x a prime number?
False
Let o be (4/20)/(4/10)*10. Suppose -2*k + 9527 = o*k. Is k a prime number?
True
Suppose 9 = 5*w - 4*c, 4*c = 4*w + 3*c - 16. Is -1 - (-3 + w) - -118 prime?
False
Suppose -4*u + 17726 = 2*l, 2*l - 3142 - 14579 = -5*u. Is l composite?
True
Let o = 118 - -423. Suppose -3*v = 5*r - 35, 4*r = -r - 2*v + 30. Suppose r*f - o = 3*f. Is f composite?
False
Suppose 15*h - 498792 - 214803 = 0. Is h a composite number?
True
Let v = 5414 - -803. Is v prime?
True
Suppose -2*n - 9 = -5*n. Let d be n/6*-6 - -797. Suppose -3*r = 221 - d. Is r composite?
False
Let s(h) = -64*h - 5. Suppose -4*g + 4*z - z = 10, 0 = -2*g + 2*z - 4. Is s(g) a composite number?
False
Suppose -8*w = -4*w + 7680. Let f = w - -3651. Is f prime?
False
Let u(k) = 18*k**2 - 15*k + 1. Let m(c) = -19*c**2 + 15*c - 2. Let j(r) = 2*m(r) + 3*u(r). Is j(-12) composite?
True
Let s be 22 - (2/(-6) - 16/6). Let i be (5/(-10))/((-2)/48). Suppose -b = -i - s. Is b composite?
False
Let i(a) = a + 8. Let t be i(-4). Suppose t*l - 9 = 7. Suppose -r + 2*m = l*r - 594, -598 = -5*r + 4*m. Is r composite?
True
Let j(h) = -1 + 2 - 9*h - 5 + h**2 - 15. Is j(-16) prime?
False
Suppose 469480 = 4*m + 4*k, -m = -13*k + 8*k - 117340. Is m a prime number?
False
Suppose 17*v = 19*v - 20. Suppose v*r = 5*r + 4795. Is r a composite number?
True
Suppose 1 = -3*o + 16, 3*o = 2*r - 6637. Is r prime?
False
Suppose -24 = 3*q - 7*q - j, -j + 19 = 3*q. Suppose 5*z - 3970 = -5*x, -3*x - 829 = -q*z - 3219. Suppose -r + 4*r = x. Is r a prime number?
False
Is (33/99)/((-2)/(-17994)) a composite number?
False
Let w = -2139 - -4709. Suppose 7*q - 17*q = -w. Is q a composite number?
False
Let d = 71936 + -48819. Is d a prime number?
True
Let a(p) be the second derivative of p**5/20 + 4*p**3/3 - 2*p**2 + 23*p. Is a(5) a composite number?
True
Is 52/52 + (0 - -5352) a prime number?
False
Let b(g) = g**2 - 8*g + 10. Let l be b(8). Suppose l = y + 2. Let h = -6 + y. Is h prime?
True
Suppose 4 + 1 = 5*x. Let y(n) = 313*n - 2. Is y(x) a prime number?
True
Let d(t) = -t**2 - 16*t + 43. Let x be d(-18). Suppose x*r - 13929 = -3856. Is r a prime number?
True
Suppose -326141 = -49*a + 1059432. Is a a prime number?
True
Let o = 1264 - 813. Is o composite?
True
Let i(o) = o + 2. Let s be i(0). Let c(k) = 9 + 2*k**2 + 10*k**2 + 7*k**s + 11*k - 5*k. Is c(4) prime?
True
Let g be 3/(-2)*(-110)/(-15). Let u be (-211)/g + (-30)/165. Is (-4 - -2*u) + 3 a prime number?
True
Suppose 5*f - 55 = -5*j, 0*f + 4*j + 20 = 4*f. Let p be 3/6 + 2804/f. Suppose 0 = 5*r - 1786 + p. Is r composite?
True
Let l(i) = i - 8*i + 16*i - 22 + 7*i. Is l(14) composite?
True
Let a = -2 + 10. Suppose -1940 = -13*z + a*z. Suppose -4*x - x + 146 = f, -5*x + z = 3*f. Is f a prime number?
False
Suppose -20*a - 186326 = -34*a. Is a composite?
False
Is (2/13 - 15593088/(-312))/2 a prime number?
True
Let k be (2/2)/(3 - (-114)/(-39)). Is (k + -410)*(0 + -1) composite?
False
Let z = -183 + 264. Let k = 1 + z. Is k composite?
True
Suppose 2*i + 15 = -15. Is ((-69)/(-5))/((-3)/i) a prime number?
False
Let w(c) = -2*c**3 + 62*c**2 - 3*c + 83. Is w(28) a prime number?
True
Suppose 4*u - 2*h = h + 6944, 3*u = 4*h + 5215. Is u composite?
False
Let b(o) be the third derivative of 0*o + 1/6*o**3 + 0 - o**2 + 3/4*o**4. Is b(7) a composite number?
False
Let u(p) = 4*p**3 + 6*p**2 - 29*p + 6. Is u(11) prime?
True
Suppose -3 + 1 = -2*h. Let n be (h/2)/((-5)/40). Is 526/10 - n/10 a prime number?
True
Let s be (33/(-2))/(1/(-2)). Suppose 3*f - 66 = -51. Suppose 2*t = f*t - s. Is t composite?
False
Let i = -7638 - -13169. Is i prime?
True
Let x(w) = w**3 - 15*w**2 + 16*w - 9. Let l(m) = -4*m + 1. Let a(f) = -f - 1. Let s(v) = -3*a(v) + l(v). Let g be s(-10). Is x(g) a prime number?
True
Let h = 3993 + -1822. Is h prime?
False
Let p be (-8)/(-2) - -123*7. Is -5 + (-6)/(-2) + p prime?
True
Let h = -20 + 22. Suppose -4*r = 4*d + 4, -r - 3*d = h*d - 11. Is (178/3)/(r/(-30)) prime?
False
Let l = -105 - -109. Suppose -3739 = 5*f - 9*f - z, 4*z + 3724 = l*f. Is f prime?
False
Let l be (-204)/(-10) - 4/10. Let n = 51 - l. Is n a composite number?
False
Let v(k) = k**2 - 3*k - 12. Suppose 0 = 4*s + 12*s - 160. Is v(s) a composite number?
True
Suppose -4*f + 2*k + 2 = 0, -2 = -2*f - 2*k + 2. Is -2199*f*(-1)/3*1 prime?
True
Let n(y) = -y**2 - 3*y + 4. Let c be n(-5). Let k = c - -10. Suppose 2*a = k*a - 332. Is a prime?
False
Let z(f) = -f - 11. Let c be z(-13). Suppose -c*b + 596 = -6*x + 4*x, b = -5*x + 268. Is b composite?
False
Let x(g) = -g - 9. Let o be x(-13). Is 2/1*o/(24/1329) a prime number?
True
Suppose -1219 = -4*v + 3*a + 252, 4*a - 382 = -v. Is v/(-4*(-4)/8) a composite number?
True
Let h = 656 + 353. Is h prime?
True
Let n(y) = 4*y + 2*y**2 - 4*y - 2*y + 94*y**3 + 1 + 44*y**3. Is n(1) a prime number?
True
Suppose 3*f - 26953 = -o, -8*o = -2*f + 2*o + 17926. Is f composite?
True
Let x = -21 + 50. Let t(i) = -i + i + i + 24 + x. Is t(0) a composite number?
False
Let h(w) be the third derivative of w**6/24 + w**5/60 - w**4/8 + w**3/6 - 5*w**2. Let q be h(1). Suppose 0 = -9*v + q*v + 1255. Is v prime?
True
Let s(l) = -405*l - 11. Let j be s(-2). Suppose -4*h + 3487 - j = 5*w, 2*h - 2*w = 1326. Is h a prime number?
False
Let d be 8*2/(-2)*-359. Suppose -8 = -2*o, 0*h = 4*h - 5*o - d. Is h a composite number?
True
Let h be 2 - (-1 + 2)*-2. Let z(w) = 1 + 89*w - h + 4 + 1. Is z(3) a composite number?
False
Suppose 850*s + 9274 = 852*s. Is s a prime number?
True
Suppose -18 = -2*p + 4*b, 0 = -4*p + 2*b + 2*b + 28. Suppose p*h - 4087 = -5*g + 3*g, -10150 = -5*g + h. Is g a prime number?
False
Let r(p) be the third derivative of p**5/15 + p**4/4 + p**3 + 2*p**2. Suppose 3*d = -b - b - 16, 5*b = -2*d - 18. Is r(d) a prime number?
False
Let s(k) = -4*k**3 - k. Let v be s(-1). Suppose 7*u - 5*u - 4*g - 354 = 0, -v*g + 372 = 2*u. Is u a prime number?
True
Let l = 4822 + -1057. Suppose -j + l = 3*u + 953, -5*u + 4*j + 4681 = 0. Is u a composite number?
False
Let u = 979 + -221. Let x(b) = -137*b + 9. Let k be x(-11). Suppose 6*z - 4*z + s = u, -4*z = -5*s - k. Is z composite?
False
Suppose 0 = 4*d - 0*d - 5*w - 25, -2 = 2*w. Suppose 2*b + 1 = u - 11, 5*u = d*b + 45. Suppose -u*p + 8*p = 268. Is p prime?
False
Suppose -1358 = 132*k - 146*k. Is k a prime number?
True
Let n(k) = 25*k - 7. Let c be n(11). Let h = 411 - c. Is h prime?
False
Suppose 2*m + 31 = 33. Let u = -5 - -2. Is 84 + -4 - u*m composite?
False
Let v = -1776 - 1908. Is ((-2)/(-6) - 1)/(8/v) prime?
True
Suppose 0 = -2*v + i + 27783, 0 = 5*v - 20*i + 18*i - 69460. Is v a composite number?
True
Let b(a) = a**2 + 14*a + 2. Let o be b(-14). Suppose -o*m = -3*m. Suppose m = 2*l - 0*l - 1042. Is l a prime number?
True
Suppose -68778 = -18*l - 0*l. Is l a composite number?
False
Suppose l - 7449 = -4*z, -l + 2*z + 7456 = -z. Is l a composite number?
True
Let w(y) = 5126*y - 101. Is w(3) composite?
False
Let q(k) = -k**2 - 6*k - 2. Let v be q(-5). Suppose f - z = 0, -f 